{"id":110,"date":"2017-05-20T17:34:00","date_gmt":"2017-05-20T17:34:00","guid":{"rendered":"http:\/\/engenhariadomus.com.br\/?page_id=110"},"modified":"2017-06-06T13:43:25","modified_gmt":"2017-06-06T13:43:25","slug":"post-110","status":"publish","type":"page","link":"https:\/\/engenhariadomus.com.br\/?page_id=110","title":{"rendered":"Projetos"},"content":{"rendered":"<p><b style=\"line-height: 1.3em; font-weight: 400 !important;\"><br \/>\nProjetos nos quais o criador da Domus Engenharia atuou como Respons\u00e1vel T\u00e9cnico<\/b><\/p>\n<p>\t\t\t\t<img src=\"http:\/\/engenhariadomus.com.br\/wp-content\/uploads\/2017\/05\/engenharia-domus-1.png\" alt=\"engenharia-domus-1\" itemprop=\"image\"  \/><\/p>\n<p><strong>Edif\u00edcio Residencial<br \/>\nUnique Towers<\/strong><\/p>\n<p>\nEdif\u00edcio Residencial<br \/>\n72 unidades, distribu\u00eddos em duas torres com 02 apartamentos por andar.<br \/>\n23 pavimentos<br \/>\n\u00c1rea total de constru\u00e7\u00e3o \u2013 21.270,43 m\u00b2\n<\/p>\n<p>&nbsp;<\/p>\n<p>\t\t\t\t<img src=\"http:\/\/engenhariadomus.com.br\/wp-content\/uploads\/2017\/05\/engenharia-domus-2.png\" alt=\"engenharia-domus-2\" itemprop=\"image\"  \/><\/p>\n<p><strong>Edif\u00edcio Palladium<br \/>\nOffice Center<\/strong><\/p>\n<p>\nEdif\u00edcio Comercial<br \/>\n91 unidades, com 07 salas por andar, e 04 lojas<br \/>\n17 pavimentos<br \/>\n\u00c1rea total de constru\u00e7\u00e3o \u2013 8.884,58 m\u00b2\n<\/p>\n<p>\t\t\t\t<img src=\"http:\/\/engenhariadomus.com.br\/wp-content\/uploads\/2017\/05\/engenharia-domus-3.png\" alt=\"engenharia-domus-3\" itemprop=\"image\"  \/><\/p>\n<p>\n<strong>Edif\u00edcio\u00a0Platinum Office Center<\/strong>\n<\/p>\n<p>\nEdif\u00edcio\u00a0Comercial<br \/>\n120\u00a0unidades, com 08 salas por andar e 09 lojas.<br \/>\n19\u00a0pavimentos<br \/>\n\u00c1rea total de constru\u00e7\u00e3o \u2013 18.916,16 m\u00b2\n<\/p>\n<p>\t\t\t\t<img src=\"http:\/\/engenhariadomus.com.br\/wp-content\/uploads\/2017\/05\/engenharia-domus-4.png\" alt=\"engenharia-domus-4\" itemprop=\"image\"  \/><\/p>\n<p><strong>Edif\u00edcio\u00a0Residencial My Place<\/strong><\/p>\n<p>\nEdif\u00edcio\u00a0Residencial<br \/>\n48\u00a0unidades, com 03 apartamentos por andar<br \/>\n21 pavimentos<br \/>\n\u00c1rea total de constru\u00e7\u00e3o \u2013 10.967,62 m\u00b2\n<\/p>\n<p>\t\t\t\t<img src=\"http:\/\/engenhariadomus.com.br\/wp-content\/uploads\/2017\/05\/engenharia-domus-5.png\" alt=\"engenharia-domus-5\" itemprop=\"image\"  \/><\/p>\n<p>\n<strong>Escola Jo\u00e3o e Maria<\/strong><\/p>\n<p>Edif\u00edcio\u00a0Educacional<br \/>\n01 unidade, com 12 salas, espa\u00e7o de alimenta\u00e7\u00e3o e mini quadra<br \/>\n03\u00a0pavimentos<br \/>\n\u00c1rea total de constru\u00e7\u00e3o \u2013 1.070,96 m\u00b2\n<\/p>\n<p>\t\t\t\t<img src=\"http:\/\/engenhariadomus.com.br\/wp-content\/uploads\/2017\/05\/engenharia-domus-6.png\" alt=\"engenharia-domus-6\" itemprop=\"image\"  \/><\/p>\n<p><strong>Edif\u00edcio Residencial Lumiere<\/strong><\/p>\n<p>\nEdif\u00edcio Residencial<br \/>\n36 unidades, com 02 apartamentos por andar<br \/>\n22 Pavimentos<br \/>\n\u00c1rea total de constru\u00e7\u00e3o &#8211; 12.166,85 m\u00b2\n<\/p>\n<p><b style=\"line-height: 1.3em; font-weight: 400 !important;\"><br \/>\nOutras obras de grande porte nas quais o fundador da Domus Engenharia atuou como gerente de obras.<br \/>\n<\/b><\/p>\n<p>\n\u2022 Edif\u00edcio Residencial Piet Mondrian<br \/>\n\u2022 Edif\u00edcio Residencial Vollare<br \/>\n\u2022 Escola Municipal de Artes e Of\u00edcios de Rio das Ostras<br \/>\n\u2022 Escola Municipal Serramar de Rio das Ostras<br \/>\n\u2022 Obras de conten\u00e7\u00e3o de encostas<br \/>\n\u2022 Resid\u00eancias em condom\u00ednios fechados nos bairros do Recreio, Jacarepagu\u00e1 e Niter\u00f3i \u2013 RJ<br \/>\n\u2022 Edif\u00edcios residenciais de quatro pavimentos (05 unidades) no bairro do Recreio \u2013 RJ<\/p>\n<p>&nbsp;<\/p>\n<p>\n<strong>Obras de reforma predial<\/strong><\/p>\n<p>\u2022 White Martins Gases Industriais S\/A &#8211; RJ<br \/>\n\u2022 Hotel Sheraton-Rio Leblon &#8211; RJ<br \/>\n\u2022 Lojas H. Stern do Hotel Sheraton &#8211; RJ<br \/>\n\u2022 IBERIA &#8211; Linhas A\u00e9reas de Espanha &#8211; RJ<br \/>\n\u2022 Casa de C\u00e2mbio Piano &#8211; RJ<br \/>\n\u2022 Corretoras Fator e Lavra &#8211; RJ<br \/>\n\u2022 Biblioteca Nacional da Av. Rodrigues Alves &#8211; RJ<br \/>\n\u2022 Edif\u00edcio Sede dos Correios na Av. Rio Branco \u2013 RJ<br \/>\n\u2022 Obras de recupera\u00e7\u00e3o e pintura de fachadas &#8211; RJ\n<\/p>\n<p>&nbsp;<\/p>\n<p>\n<strong>Obra em execu\u00e7\u00e3o<\/strong><\/p>\n<p>Edif\u00edcio Misto, Residencial e Comercial<br \/>\n01 unidade, com 02 apartamentos por andar, e 02 lojas<br \/>\n02 pavimentos<br \/>\n\u00c1rea total de constru\u00e7\u00e3o \u2013 368,73 m\u00b2\n<\/p>\n<p>\n<strong>Obras Industriais<\/strong><\/p>\n<p>\u2022 Constru\u00e7\u00e3o do segundo pavimento e rampa de acesso da enfermaria da Cl\u00ednica Rep\u00fablica da Cro\u00e1cia, Sepetiba \u2013 RJ<br \/>\n\u2022 Constru\u00e7\u00e3o da Central de Controle de Qualidade em estrutura met\u00e1lica, com dois pavimentos, da White Martins Gases Industriais S\/A, Cordovil \u2013 RJ<br \/>\n\u2022 Reforma das novas instala\u00e7\u00f5es da F\u00e1brica de Biscoitos Fibrocrac, para a Barrenne Ind\u00fastria Farmac\u00eautica ltda, S\u00e3o Crist\u00f3v\u00e3o &#8211; RJ<br \/>\n\u2022 Obras de acabamento com refor\u00e7o estrutural do Pr\u00e9dio 40 &#8211; Laborat\u00f3rio de Penicilina &#8211; composto de dois pavimentos e \u00e1rea constru\u00edda de 4000 m2 e obras complementares na \u00e1rea externa &#8211; Smithkline Beecham &#8211; Projeto Rio 2000 &#8211; Taquara \u2013 RJ<br \/>\n\u2022 Constru\u00e7\u00e3o do galp\u00e3o para dep\u00f3sito de produtos acabados para o Laborat\u00f3rio Stafford\u2013Miller, Fazenda Botafogo, Rio de Janeiro &#8211; RJ<\/p>\n<p>&nbsp;<\/p>\n","protected":false},"excerpt":{"rendered":"<p>Projetos nos quais o criador da Domus Engenharia atuou como Respons\u00e1vel T\u00e9cnico Edif\u00edcio Residencial Unique Towers Edif\u00edcio Residencial 72 unidades, distribu\u00eddos em duas torres com 02 apartamentos por andar. 23 pavimentos \u00c1rea total de constru\u00e7\u00e3o \u2013 21.270,43 m\u00b2 &nbsp; Edif\u00edcio Palladium Office Center Edif\u00edcio Comercial 91 unidades, com 07 salas&#8230;<\/p>\n","protected":false},"author":1,"featured_media":0,"parent":0,"menu_order":0,"comment_status":"closed","ping_status":"closed","template":"template-fullwidth.php","meta":[],"_links":{"self":[{"href":"https:\/\/engenhariadomus.com.br\/index.php?rest_route=\/wp\/v2\/pages\/110"}],"collection":[{"href":"https:\/\/engenhariadomus.com.br\/index.php?rest_route=\/wp\/v2\/pages"}],"about":[{"href":"https:\/\/engenhariadomus.com.br\/index.php?rest_route=\/wp\/v2\/types\/page"}],"author":[{"embeddable":true,"href":"https:\/\/engenhariadomus.com.br\/index.php?rest_route=\/wp\/v2\/users\/1"}],"replies":[{"embeddable":true,"href":"https:\/\/engenhariadomus.com.br\/index.php?rest_route=%2Fwp%2Fv2%2Fcomments&post=110"}],"version-history":[{"count":26,"href":"https:\/\/engenhariadomus.com.br\/index.php?rest_route=\/wp\/v2\/pages\/110\/revisions"}],"predecessor-version":[{"id":186,"href":"https:\/\/engenhariadomus.com.br\/index.php?rest_route=\/wp\/v2\/pages\/110\/revisions\/186"}],"wp:attachment":[{"href":"https:\/\/engenhariadomus.com.br\/index.php?rest_route=%2Fwp%2Fv2%2Fmedia&parent=110"}],"curies":[{"name":"wp","href":"https:\/\/api.w.org\/{rel}","templated":true}]}}